4
Let k(s) = -s**3 - 6*s**2 - 5*s + 9. Calculate k(-4).
-3
Let d(v) = -3*v + 39. Determine d(-35).
144
Let f(s) = -s**2 + 17*s + 38. Give f(19).
0
Let q(y) = 30*y - 261. What is q(9)?
9
Let c(f) = f + 14. What is c(0)?
14
Let v(x) = -4*x**2 + 2*x - 2. Calculate v(0).
-2
Let b(q) = q**2 + 3*q - 150. Determine b(-14).
4
Let v(d) = -3*d**3 + d**2 + 2*d - 3. Give v(3).
-69
Let s(x) = -x**3 + 5*x**2 + x + 3. Determine s(5).
8
Let l(g) = 7*g - 92. Determine l(-18).
-218
Let o(d) = d**3 + 4*d**2 - d + 1. Calculate o(-4).
5
Let j(k) = 33*k + 51. Determine j(-3).
-48
Let g(s) = -s**3 - 10*s**2 - 11*s + 10. Determine g(-7).
-60
Let l(d) = d**2 - 13*d + 15. What is l(11)?
-7
Let y(o) = -o**3 - 24*o**2 + 24*o - 16. Determine y(-25).
9
Let y(o) = o + 12. Give y(-10).
2
Let x(w) = -w**3 + 7*w**2 + w + 7. Calculate x(6).
49
Let k(c) = 2*c + 9. Determine k(-5).
-1
Let a(s) = 2*s - 46. Calculate a(19).
-8
Let r(d) = 20*d**3 - 2*d**2 - d - 1. Calculate r(-1).
-22
Let o(u) = -u**3 - 13*u**2 + 3*u + 23. Determine o(-13).
-16
Let z(c) = c**3 - 3*c**2 - 12*c + 16. Give z(5).
6
Let o(r) = -r + 33. Calculate o(22).
11
Let p(g) = -g**2 - 8*g + 21. Give p(-13).
-44
Let n(h) = -h**3 - 6*h**2 + 9*h + 8. Give n(-7).
-6
Let d(y) = -y**3 + 18*y**2 + y - 14. Calculate d(18).
4
Let j(g) = 2*g**2 + 5*g - 1. Calculate j(-5).
24
Let s(l) = -l**3 + 10*l**2 - 4. What is s(10)?
-4
Let l(x) = -x**3 - 11*x**2 - 13*x - 32. Calculate l(-10).
-2
Let f(z) = -z**2 - 9*z - 8. Give f(-9).
-8
Let z(a) = 4*a**2 - a. Determine z(-1).
5
Let b(v) = v**3 - 3*v**2 + 2*v - 3. Determine b(2).
-3
Let d(t) = -t**2 + 3*t + 3. Calculate d(9).
-51
Let o(a) = a**2 - 10*a + 2. Calculate o(9).
-7
Let t(v) = -v**3 - 32*v**2 - 134*v + 36. What is t(-27)?
9
Let r(x) = x**2 - 2*x - 1. Give r(3).
2
Let z(t) = -2*t - 13. What is z(-10)?
7
Let f(y) = y**3 + 5*y**2 - 8*y + 1. Give f(-6).
13
Let g(y) = y - 22. Calculate g(10).
-12
Let k(z) = z + 2. Calculate k(4).
6
Let z(y) = -y**3 + y**2 + 2*y - 41. Calculate z(0).
-41
Let c(b) = -2*b**2 - 14*b + 23. Calculate c(8).
-217
Let j(i) = i**3 - 3*i**2 - i + 10. What is j(-3)?
-41
Let a(z) = 3*z - 25. Calculate a(6).
-7
Let o(w) = 7*w + 32. Calculate o(-5).
-3
Let r(p) = p**2 + 50*p + 127. Determine r(-47).
-14
Let f(g) = -2*g**2 - 9*g. Give f(-5).
-5
Let r(c) = 7*c**2 - 2*c + 1. What is r(1)?
6
Let n(q) = 4*q + 20. Determine n(-8).
-12
Let s(a) = a**3 + 24*a**2 + 107*a - 7. Calculate s(-6).
-1
Let g(h) = h**3 - 11*h**2 + 10. Give g(11).
10
Let z(s) = -3*s - 65. What is z(-20)?
-5
Let x(h) = h**3 - 3*h + 4. What is x(-3)?
-14
Let c(h) = -h**3 - 4*h**2 - 4*h - 6. Determine c(-4).
10
Let h(y) = y**2 - 15*y + 22. Determine h(15).
22
Let u(y) = -5*y - 100. Give u(-14).
-30
Let h(c) = c**2 + 8*c + 14. Give h(-7).
7
Let y(i) = -2*i - 7. Give y(-4).
1
Let g(f) = -8*f + 177. Calculate g(22).
1
Let d(g) = -g**3 + 3*g**2 + 6*g - 10. What is d(4)?
-2
Let v(r) = 3*r**3 - r + 1. What is v(1)?
3
Let m(d) = -d**3 - 6*d**2 + d + 4. What is m(-5)?
-26
Let h(a) = -3*a**2 - 17*a + 4. Give h(-12).
-224
Let s(a) = 10*a**3 - 5*a**2 - 5*a + 1. Determine s(-1).
-9
Let d(u) = -u**3 + 7*u**2 + 3*u - 12. Determine d(6).
42
Let u(j) = -j**2 - 11*j - 7. Give u(-9).
11
Let u(w) = w**3 + 19*w**2 - w - 25. Calculate u(-19).
-6
Let u(g) = g**3 + 4*g**2 + 20*g + 74. What is u(-4)?
-6
Let r(i) = -7*i + 15. Calculate r(4).
-13
Let x(k) = -k**3 - 3*k**2 + 30*k - 11. Calculate x(4).
-3
Let g(f) = f**3 + f**2 + 3*f + 1. What is g(-2)?
-9
Let d(m) = 2*m**3 - 10*m**2 - 13*m + 3. What is d(6)?
-3
Let o(s) = 6*s - 61. Determine o(10).
-1
Let u(b) = -3*b - 5. What is u(6)?
-23
Let w(k) = -2*k + 8. What is w(3)?
2
Let l(w) = 2*w**3 + 4*w**2 + 12. Determine l(-4).
-52
Let k(n) = -n**3 - 9*n**2 + 10*n + 2. Give k(-10).
2
Let h(q) = 20*q**3 - q**2 + q. What is h(1)?
20
Let q(y) = y**3 + 4*y**2 + 6*y + 1. Determine q(-4).
-23
Let r(m) = -147*m**2 + 8*m + 7. Determine r(-1).
-148
Let j(x) = -x**2 - x + 12. Determine j(6).
-30
Let u(f) = 13*f**2 - 15*f - 1. Determine u(2).
21
Let t(w) = -10*w - 109. Give t(-10).
-9
Let x(i) = 10*i - 1. Calculate x(-1).
-11
Let b(p) = -p - 9. Calculate b(11).
-20
Let b(u) = -u**2 + 4*u + 22. What is b(7)?
1
Let h(g) = g**2 + g - 4. Determine h(-5).
16
Let v(w) = w - 7. Give v(6).
-1
Let m(h) = h**2 + 12*h - 17. Determine m(-15).
28
Let h(a) = a**2 - 2*a - 1. Give h(2).
-1
Let j(u) = 12*u + 182. Give j(-15).
2
Let j(c) = c**3 - 3*c**2 - 8*c - 48. Determine j(6).
12
Let k(q) = q**2 + 19*q + 12. Give k(-18).
-6
Let y(p) = -10*p**2 - 3*p + 1. Calculate y(-4).
-147
Let a(x) = x**3 + 9*x**2 - 11*x - 1. Give a(-10).
9
Let l(q) = -2*q**2 - 16*q - 13. Calculate l(-7).
1
Let o(u) = -6*u + 6. Give o(6).
-30
Let w(s) = -6*s**2 + s + 2. Determine w(-1).
-5
Let j(t) = -t - 6. What is j(-4)?
-2
Let j(t) = -t**3 - 8*t**2 - 8*t - 12. Give j(-6).
-36
Let f(n) = 5*n**2 + 3*n + 3. Determine f(-1).
5
Let b(i) = -4*i**3 + 5*i**2 - 7. Give b(3).
-70
Let c(r) = 35*r**3 - 2*r**2 - r. Calculate c(-1).
-36
Let v(o) = -o**3 + 3*o**2 + 2*o - 3. Calculate v(4).
-11
Let r(i) = i + 58. What is r(-57)?
1
Let t(j) = 2*j - 14. Determine t(12).
10
Let u(s) = -s**2 + 8*s - 4. What is u(8)?
-4
Let c(j) = -2*j**3 - 2*j**2 - 2*j. Give c(-2).
12
Let z(l) = 8*l - 34. What is z(5)?
6
Let f(p) = 3*p**3 - p**2 + 3*p - 2. What is f(1)?
3
Let h(f) = 22*f**3 + f**2 + f - 2. Give h(1).
22
Let r(d) = -d**2 + 4*d + 8. Determine r(-2).
-4
Let c(j) = -j**2 - 21*j - 76. Give c(-14).
22
Let j(t) = -3*t + 30. Determine j(12).
-6
Let i(u) = 6*u + 4. Give i(3).
22
Let x(o) = 2*o + 29. What is x(-16)?
-3
Let a(w) = 18*w - 3. Determine a(2).
33
Let l(a) = -a + 6. Determine l(3).
3
Let a(m) = 4*m - 35. Give a(8).
-3
Let z(l) = -2*l**2 + 9*l - 4. Give z(4).
0
Let x(o) = -o**2 - 10*o - 8. What is x(-9)?
1
Let i(r) = 2*r**3 + 8*r**2 + 4*r - 4. What is i(-5)?
-74
Let x(r) = -r**2 - 19*r + 110. Calculate x(-22).
44
Let d(t) = -15*t**2 + t. What is d(2)?
-58
Let g(y) = 2*y**3 + 29*y**2 + 15*y + 5. What is g(-14)?
-9
Let i(j) = -2*j - 21. What is i(-7)?
-7
Let f(z) = 7*z - 8. What is f(-6)?
-50
Let b(p) = p**3 - 11*p**2 + p - 4. Calculate b(11).
7
Let j(u) = u**3 - 8*u**2 + 7*u + 6. Determine j(6).
-24
Let k(c) = 3*c - 124. Calculate k(38).
-10
Let x(p) = -42*p + 288. What is x(7)?
-6
Let n(h) = h**3 - 6*h**2 - 4*h + 1. Determine n(7).
22
Let w(p) = p**2 + 6*p - 4. Determine w(4).
36
Let b(d) = -d**3 - 4*d - 106. Determine b(0).
-106
Let i(h) = h**3 - 6*h**2 + 11*h - 18. What is i(4)?
-6
Let p(a) = -a**3 + 7*a**2 + 4*a + 7. Give p(8).
-25
Let c(k) = k**2 - 22*k + 109. Determine c(8).
-3
Let f(p) = p**3 + 7*p**2 + 4*p - 3. Determine f(-6).
9
Let n(o) = o - 12. Calculate n(-10).
-22
Let s(x) = 3*x + 3. Calculate s(6).
21
Let k(i) = -i**3 - 3*i**2 + 7*i + 12. Calculate k(-4).
0
Let x(z) = 4*z**2 + 84*z + 85. Give x(-20).
5
Let i(t) = -t**3 + 8*t**2 + 6*t + 12. Give i(9).
-15
Let p(u) = u**2 - 7*u + 7. Calculate p(5).
-3
Let i(x) = x - 3. What is i(2)?
-1
Let k(m) = m**3 + 6*m**2 + 2*m + 14. What is k(-6)?
2
Let h(u) = u**3 + 8*u**2 + 4*u - 49. Give h(-6).
-1
Let t(q) = -q**3 + 7*q**2 - 10*q + 15. Calculate t(5).
15
Let q(u) = 2*u**3 + 9*u**2 - 6*u + 23. Calculate q(-7).
-180
Let r(x) = -21*x**3 - x - 1. What is r(-1)?
21
Let b(y) = y**2 + 20*y + 44. Give b(-2).
8
Let t(b) = -7*b**2 - 14*b + 2. Give t(-2).
2
Let w(q) = 5*q**2 - 3*q - 1. Give w(-3).
53
Let a(m) = -m**3 - 11*m**2 + 12*m - 3. Calculate a(-12).
-3
Let x(i) = 2*i**3 + 45*i**2 + 20*i - 34. What is x(-22)?
10
Let y(k) = -k**3 + 8*k**2 - 5*k - 8. Calculate y(7).
6
Let j(c) = c**2 + 9*c - 11. Calculate j(-10).
-1
Let j(h) = h**2 + 2*h + 60. Determine j(0).
60
Let c(f) = f + 3. What is c(-7)?
-4
Let i(o) = o**3 + o - 6. Determine i(0).
-6
Let m(p) = -2*p**2 - 26*p + 24. Determine m(-15).
-36
Let o(j) = 2*j**2 - 3*j. Calculate o(3).
9
Let t(z) = -z + 8. What is t(-2)?
10
Let j(p) = p**2 - 19*p + 55. Determine j(16).
7
Let p(i) = -i**2 + 3*i + 7. Calculate p(6).
-11
Let l(g) = 3*g + 14. Determine l(10).
44
Let q(u) = -u - 3. Determine q(-8).
5
Let g(u) = -u**3 + 5*u**2 + 13*u + 10. Give g(7).
3
Let u(j) = j + 13. What is u(-8)?
5
Let i(g) = 14*g - 457. Determine i(32).
-9
Let k(q) = -q**3 + 13*q**2 - 7*q - 9. Give k(12).
51
Let m(j) = 2*j - 3. Give m(-4).
-11
Let x(r) = 3*r**3 + r**2 + r - 2. Give x